e remainder when 309 is divided by 107?
95
Calculate the remainder when 206 is divided by 89.
28
Calculate the remainder when 964 is divided by 39.
28
Calculate the remainder when 200 is divided by 95.
10
What is the remainder when 75 is divided by 27?
21
What is the remainder when 1647 is divided by 46?
37
What is the remainder when 786 is divided by 393?
0
Calculate the remainder when 521 is divided by 133.
122
What is the remainder when 457 is divided by 171?
115
What is the remainder when 53 is divided by 32?
21
Calculate the remainder when 16495 is divided by 141.
139
What is the remainder when 5053 is divided by 64?
61
What is the remainder when 2738 is divided by 33?
32
Calculate the remainder when 199 is divided by 21.
10
What is the remainder when 114 is divided by 42?
30
Calculate the remainder when 316 is divided by 53.
51
What is the remainder when 47 is divided by 8?
7
Calculate the remainder when 72 is divided by 70.
2
Calculate the remainder when 50956 is divided by 245.
241
What is the remainder when 866 is divided by 31?
29
What is the remainder when 326 is divided by 118?
90
Calculate the remainder when 441 is divided by 203.
35
Calculate the remainder when 5235 is divided by 54.
51
Calculate the remainder when 1885 is divided by 23.
22
Calculate the remainder when 415 is divided by 13.
12
Calculate the remainder when 132 is divided by 19.
18
What is the remainder when 436 is divided by 70?
16
What is the remainder when 205 is divided by 23?
21
Calculate the remainder when 547 is divided by 46.
41
What is the remainder when 1530 is divided by 59?
55
Calculate the remainder when 479 is divided by 115.
19
What is the remainder when 46694 is divided by 41?
36
What is the remainder when 572 is divided by 23?
20
What is the remainder when 187 is divided by 38?
35
Calculate the remainder when 306 is divided by 186.
120
Calculate the remainder when 4618 is divided by 272.
266
What is the remainder when 301 is divided by 18?
13
Calculate the remainder when 1197 is divided by 16.
13
What is the remainder when 330 is divided by 87?
69
What is the remainder when 53 is divided by 40?
13
What is the remainder when 81 is divided by 12?
9
Calculate the remainder when 1538 is divided by 27.
26
What is the remainder when 1123 is divided by 535?
53
Calculate the remainder when 2259 is divided by 252.
243
Calculate the remainder when 158 is divided by 40.
38
What is the remainder when 503 is divided by 14?
13
Calculate the remainder when 373 is divided by 179.
15
Calculate the remainder when 1068 is divided by 351.
15
What is the remainder when 277 is divided by 88?
13
What is the remainder when 1311 is divided by 34?
19
Calculate the remainder when 86 is divided by 15.
11
What is the remainder when 23 is divided by 10?
3
What is the remainder when 920 is divided by 1?
0
Calculate the remainder when 2066 is divided by 188.
186
Calculate the remainder when 152 is divided by 39.
35
Calculate the remainder when 2678 is divided by 269.
257
What is the remainder when 2842 is divided by 75?
67
Calculate the remainder when 71 is divided by 12.
11
Calculate the remainder when 143 is divided by 28.
3
What is the remainder when 64 is divided by 27?
10
Calculate the remainder when 145 is divided by 17.
9
What is the remainder when 564 is divided by 118?
92
Calculate the remainder when 4993 is divided by 21.
16
Calculate the remainder when 24 is divided by 10.
4
Calculate the remainder when 4869 is divided by 21.
18
What is the remainder when 272 is divided by 23?
19
What is the remainder when 307 is divided by 31?
28
What is the remainder when 941 is divided by 63?
59
Calculate the remainder when 504 is divided by 135.
99
What is the remainder when 552 is divided by 7?
6
What is the remainder when 12151 is divided by 187?
183
Calculate the remainder when 4113 is divided by 34.
33
What is the remainder when 32 is divided by 31?
1
What is the remainder when 44 is divided by 36?
8
Calculate the remainder when 293 is divided by 11.
7
What is the remainder when 683 is divided by 84?
11
What is the remainder when 287 is divided by 74?
65
Calculate the remainder when 429 is divided by 43.
42
What is the remainder when 1135 is divided by 67?
63
Calculate the remainder when 44 is divided by 16.
12
What is the remainder when 468 is divided by 91?
13
What is the remainder when 173 is divided by 25?
23
Calculate the remainder when 434 is divided by 86.
4
What is the remainder when 20822 is divided by 425?
422
Calculate the remainder when 556 is divided by 11.
6
What is the remainder when 801 is divided by 199?
5
What is the remainder when 405 is divided by 52?
41
What is the remainder when 47 is divided by 16?
15
What is the remainder when 287 is divided by 75?
62
Calculate the remainder when 45 is divided by 12.
9
What is the remainder when 2366 is divided by 394?
2
What is the remainder when 126 is divided by 12?
6
What is the remainder when 59 is divided by 49?
10
What is the remainder when 1485 is divided by 4?
1
Calculate the remainder when 112 is divided by 28.
0
Calculate the remainder when 129 is divided by 23.
14
Calculate the remainder when 220 is divided by 129.
91
What is the remainder when 2081 is divided by 55?
46
Calculate the remainder when 185 is divided by 68.
49
Calculate the remainder when 236 is divided by 13.
2
What is the remainder when 744 is divided by 267?
210
Calculate the remainder when 291 is divided by 6.
3
What is the remainder when 757 is divided by 76?
73
What is the remainder when 126 is divided by 36?
18
What is the remainder when 334 is divided by 24?
22
What is the remainder when 2646 is divided by 69?
24
What is the remainder when 1495 is divided by 454?
133
What is the remainder when 584 is divided by 39?
38
What is the remainder when 93 is divided by 28?
9
Calculate the remainder when 623 is divided by 303.
17
Calculate the remainder when 1706 is divided by 30.
26
What is the remainder when 86 is divided by 18?
14
What is the remainder when 93 is divided by 25?
18
What is the remainder when 398 is divided by 245?
153
What is the remainder when 74 is divided by 13?
9
What is the remainder when 68 is divided by 27?
14
What is the remainder when 118 is divided by 18?
10
What is the remainder when 723 is divided by 13?
8
Calculate the remainder when 483 is divided by 95.
8
Calculate the remainder when 56 is divided by 40.
16
Calculate the remainder when 71 is divided by 8.
7
What is the remainder when 951 is divided by 13?
2
What is the remainder when 78 is divided by 16?
14
What is the remainder when 1123 is divided by 54?
43
Calculate the remainder when 438 is divided by 100.
38
What is the remainder when 41886 is divided by 112?
110
What is the remainder when 236 is divided by 135?
101
Calculate the remainder when 1128 is divided by 6.
0
What is the remainder when 239 is divided by 35?
29
What is the remainder when 233 is divided by 81?
71
Calculate the remainder when 3292 is divided by 470.
2
What is the remainder when 269 is divided by 27?
26
What is the remainder when 1265 is divided by 75?
65
Calculate the remainder when 92 is divided by 28.
8
Calculate the remainder when 955 is divided by 160.
155
Calculate the remainder when 593 is divided by 50.
43
What is the remainder when 3339 is divided by 1108?
15
Calculate the remainder when 125 is divided by 28.
13
Calculate the remainder when 6441 is divided by 2140.
21
What is the remainder when 275 is divided by 70?
65
What is the remainder when 4079 is divided by 35?
19
Calculate the remainder when 960 is divided by 107.
104
What is the remainder when 132 is divided by 9?
6
What is the remainder when 95 is divided by 33?
29
Calculate the remainder when 418 is divided by 349.
69
Calculate the remainder when 9162 is divided by 119.
118
What is the remainder when 498 is divided by 478?
20
What is the remainder when 900 is divided by 181?
176
Calculate the remainder when 7405 is divided by 3.
1
What is the remainder when 62 is divided by 43?
19
What is the remainder when 7853 is divided by 463?
445
Calculate the remainder when 246 is divided by 19.
18
Calculate the remainder when 244 is divided by 19.
16
Calculate the remainder when 3032 is divided by 39.
29
Calculate the rema